et p be (-2)/(-16) - (636/(-32) - 1). Calculate the greatest common divisor of 21 and p.
21
Let v(q) = -2*q - 2. Let m be v(10). Let i = 36 + m. Suppose -2*c + 3*c - 154 = 0. What is the highest common divisor of c and i?
14
Suppose 3*a + 9*b - 5*b - 322 = 0, 2*b - 218 = -2*a. What is the greatest common divisor of 19 and a?
19
Suppose -4*l + 121 + 131 = 0. Let r(q) = -q**3 - 6*q**2 + 7. Let p be r(-6). Calculate the highest common factor of p and l.
7
Let h(i) = i**3 - 9*i**2 + i + 1. Let c be h(7). Let w be 1/(-3*3/c). Let a = 33 + 37. Calculate the greatest common factor of w and a.
10
Let q = 19 + -2. Let u = 27 - q. Suppose -s + 10 = s. Calculate the greatest common divisor of s and u.
5
Suppose 185 + 347 = 4*n. What is the greatest common divisor of 19 and n?
19
Let d(u) = 5*u + 15. Let q be d(10). Calculate the highest common factor of q and 5.
5
Let w(a) = 25*a - 19. Let f be w(7). What is the greatest common divisor of 39 and f?
39
Let s be 1368/14 - (-4)/14. Suppose -5*k + s = -3*k. Calculate the highest common factor of k and 7.
7
Let v be (56/12)/(4/6). Calculate the highest common factor of 28 and v.
7
Let a = 1 + 3. Suppose 4*n + 94 = 5*j, -a*j + n + 70 = 3*n. Calculate the highest common divisor of 54 and j.
18
Let j be ((-24)/(-28))/((-2)/(-14)). Suppose 0 = -j*b + b + 40. What is the highest common divisor of b and 4?
4
Suppose -4*d + 4 = -0. Let w(a) = -a + 7. Let x be w(8). Let p be (x*d)/(1/(-4)). Calculate the greatest common divisor of p and 32.
4
Suppose 0 = 2*g + 3*b - 70, -g - 2*g + 105 = 5*b. Calculate the greatest common divisor of 7 and g.
7
Suppose -87 = -5*t + 48. Let l = t + -14. What is the greatest common divisor of l and 26?
13
Suppose -5*g + g + 8 = 0. Suppose 5*w + 0*l = l + 223, -w - g*l = -49. Calculate the highest common factor of 18 and w.
9
Suppose -18*q + 819 = -11*q. Calculate the highest common divisor of q and 39.
39
Let c(t) = -t**3 - 4*t**2 - 2*t + 2. Let y be c(-4). Suppose 2*q - 95 + 15 = 0. Calculate the greatest common factor of q and y.
10
Let d be 6/(-4) + 10/20. Let z be d - (-2 - (1 + 2)). Calculate the greatest common factor of 16 and z.
4
Let z = -40 - -74. Let w(m) = 11*m + 2. Let p be w(6). What is the highest common factor of z and p?
34
Let l(u) = -u**3 - 4*u**2 + 3*u + 14. Let d be l(-4). Calculate the highest common divisor of 16 and d.
2
Suppose -4*s + 3 = -13. Let q(l) = l + 7. Let t be q(-6). Calculate the greatest common factor of t and s.
1
Let r(o) = -o**3 + 24. Let z be r(0). Suppose -n + 2*n = 3. Let u = n - -5. Calculate the greatest common divisor of z and u.
8
Suppose -2*g + 5*g + 201 = 3*h, -4*h + 5*g = -269. Calculate the greatest common factor of h and 6.
6
Suppose -2*c + 2 = -2*s, c - 27 = -c - 3*s. Calculate the highest common divisor of c and 42.
6
Suppose 16*u = 13*u + 15. Let d = 77 - 22. Calculate the highest common divisor of d and u.
5
Suppose -2*g - f = 4, 0 = -8*g + 3*g - 4*f - 10. Let p be g + 32/2 - 2. What is the greatest common factor of p and 8?
4
Suppose 4*q - 2 = 6. Suppose x + q*j = -x + 14, -4*x - j = -31. What is the greatest common factor of 56 and x?
8
Let u = 9 - 6. Let a be -25*(6/10 + -1). Suppose a = 2*x + u*x. Calculate the highest common divisor of 2 and x.
2
Let u(d) = -d**3 + 5*d**2 - d + 3. Let h be u(4). Suppose -3*l = l. Suppose 3*o + o - 12 = l. What is the highest common factor of h and o?
3
Let x be (-1 - 0)/((-1)/4). Suppose 0 = 5*l - 238 + 58. What is the highest common factor of l and x?
4
Suppose 2*u + 0*u - 48 = 0. Calculate the greatest common factor of u and 4.
4
Let o be 2 - 0 - (1 + -2). Let i(t) = -t**3 + 7*t**2 - 3*t. Let j be i(o). What is the highest common factor of 9 and j?
9
Let u(z) = -11*z + 4. Let f be u(-4). What is the highest common factor of 32 and f?
16
Let d(y) = 2*y. Let t be d(-2). Let n = t - -7. Let m(i) = -i**3 + 10*i**2 + 2*i - 8. Let b be m(10). Calculate the greatest common divisor of b and n.
3
Let o = 10 + -7. Suppose 2*m = 12 + 36. Calculate the greatest common factor of m and o.
3
Suppose 17*k = 13*k + 176. Calculate the greatest common divisor of k and 11.
11
Let j = -196 + 294. Let r = 11 - -3. What is the greatest common factor of j and r?
14
Suppose 4*t - 120 - 48 = 0. Calculate the highest common factor of 462 and t.
42
Let x be (-30)/4*(-4)/5. Calculate the highest common divisor of 12 and x.
6
Let r be ((-3)/(-9))/(-4*3/(-792)). Calculate the highest common factor of r and 22.
22
Suppose 0 = 7*g - 6*g, 120 = 5*l + g. Suppose -h + 0*h - 11 = 0. Let x = 1 - h. What is the greatest common factor of l and x?
12
Let r(n) = -4*n**2 + 9 + 3*n**2 - 7*n + 2*n**2 - 2. Let x be r(6). What is the greatest common factor of x and 5?
1
Suppose i = -3*i + 16. Suppose -i*y = -y - 21. Let n be (-1 + y)/(-3 - -5). Calculate the highest common divisor of 27 and n.
3
Let x = 249 + -75. Let b(w) = -w - 5. Let r be b(-7). Suppose 4*u + r*i = 356, 3*u = 5*i + x + 106. What is the greatest common factor of u and 10?
10
Let n be 30/(-4)*(-220)/15. Calculate the highest common factor of n and 10.
10
Let h(a) = -a**3 + 6*a**2 + 9*a - 6. Let g be h(7). Let j = 30 - 14. Calculate the greatest common divisor of j and g.
8
Suppose c + 0*g + 3*g - 15 = 0, 0 = -4*c - 3*g + 24. Let j be (1 + -3)/((-2)/30). What is the greatest common divisor of c and j?
3
Suppose 9*v - 3*v - 450 = 0. What is the highest common divisor of 50 and v?
25
Let m = 38 - 14. Let z(o) = -o + 56. Let d be z(0). Let g = d + -40. What is the greatest common factor of m and g?
8
Suppose -2 = 2*q - 3*q. Calculate the highest common factor of 5 and q.
1
Suppose 1 = 5*x - 9. What is the highest common divisor of x and 16?
2
Let p(g) = g**3 - 5*g**2 + g - 1. Suppose -4*j + 102 - 42 = 0. Suppose 4*q = q + j. Let o be p(q). What is the highest common factor of 28 and o?
4
Let l = 16 + -9. Suppose -6*z - 23 = -l*z. What is the highest common divisor of 23 and z?
23
Let p be 3/(-5)*(-3 - 2) - -3. Suppose -5 = -3*h + 22. What is the highest common divisor of h and p?
3
Let y(w) = -24*w + 3. Let v be y(-3). Suppose 4 = 2*i, 3*i + 244 = -l + 6*l. What is the greatest common factor of l and v?
25
Let h be 0/((-2)/6*-3). Let a be -1*(1 + h)*-1. Calculate the greatest common divisor of a and 3.
1
Let h = 10 - 4. Let z(w) = -w**3 + 7*w**2 - 4*w - 6. Let i be z(h). Calculate the greatest common divisor of 12 and i.
6
Suppose 0*l = -2*l + 6. Suppose 0 = -5*j + 20, 0*a - 44 = -l*a - 2*j. What is the highest common divisor of a and 60?
12
Suppose m - 10 = 5*l, 0 = -2*m - 3*l + 4*l + 29. Suppose m = 2*k - 9. What is the highest common factor of 84 and k?
12
Let w be 16/12*(-3)/(-2). Suppose 2*u + 156 = 4*p - 0*u, -u + 2 = 0. Suppose 6*i = w*i + p. What is the highest common divisor of i and 10?
10
Let q(g) = 9*g - 45. Let p be q(7). What is the highest common factor of p and 45?
9
Suppose -i + 3*q + 27 = 0, 2*i + 46 = 4*i - 4*q. Calculate the highest common factor of 75 and i.
15
Let v(t) = 3*t. Let h be v(1). Suppose 0 = -a - h*a + 32. Let j be (-2)/(0 - 2/8). Calculate the highest common factor of a and j.
8
Let z = 58 - 28. Calculate the greatest common factor of z and 60.
30
Suppose g - 48 = 2*v, -2*v = -g - 4*v + 32. Let b(d) = 15*d**2 - 4 - 2*d + 2 + 1. Let i be b(-1). Calculate the greatest common divisor of i and g.
8
Let p = 62 + -37. Suppose 0 = -3*s - q + 826, 4*s - q - 824 = s. What is the greatest common divisor of p and s?
25
Let s be 3955/21 - 2/(-3). What is the greatest common factor of 27 and s?
27
Let w be (-4 - 1) + 5 - (-16)/2. Calculate the greatest common divisor of 2 and w.
2
Let k(w) = -w**3 + 8*w**2 - 6*w - 4. Let x be k(7). Suppose 0 = -t - 4*t, -x*m = 3*t - 693. What is the highest common divisor of 21 and m?
21
Let d(u) = 2*u**2 + 7*u - 4. Let z be d(-6). Suppose -2*n + 0*n + 5*a + z = 0, 3*n + 4*a = 62. Calculate the greatest common factor of 45 and n.
9
Let o(j) = j + 1. Let z be o(2). Calculate the greatest common factor of 33 and z.
3
Let x = 11 + -9. Suppose w - j - 17 = x*j, -3*w + 2*j + 44 = 0. What is the highest common factor of w and 154?
14
Let t be 0 + 4 + 1 + 0. Suppose -8 = 2*b, 0 = t*y - 5*b + b - 91. Let n be (1 + 1 - 2) + y. Calculate the greatest common factor of 5 and n.
5
Let t(s) be the first derivative of 1/4*s**4 - 3